 the highest common factor of 219349 and 61100.
611
Calculate the highest common factor of 409048 and 168.
8
What is the highest common divisor of 465962 and 83?
83
Calculate the highest common divisor of 399 and 2373.
21
Calculate the greatest common divisor of 3105 and 8505.
135
Calculate the highest common factor of 900 and 328250.
50
What is the highest common factor of 1218729 and 654?
327
What is the greatest common divisor of 354840 and 120?
120
Calculate the highest common divisor of 1486 and 845534.
1486
Calculate the highest common factor of 24 and 3656.
8
Calculate the highest common divisor of 572 and 533.
13
What is the highest common divisor of 1075009 and 169?
169
Calculate the greatest common divisor of 318 and 154018.
106
What is the greatest common factor of 702 and 25922?
26
What is the greatest common factor of 631944 and 648?
72
Calculate the greatest common factor of 129897 and 4131.
459
Calculate the greatest common divisor of 2024 and 1304.
8
What is the greatest common factor of 25815 and 22335?
15
What is the highest common factor of 4390 and 2?
2
Calculate the greatest common factor of 267 and 45.
3
Calculate the greatest common divisor of 58 and 1419434.
58
What is the greatest common factor of 178342 and 46?
46
Calculate the highest common divisor of 216 and 8952.
24
Calculate the highest common factor of 156 and 474.
6
What is the highest common factor of 43877 and 6052?
1513
What is the highest common divisor of 130005 and 5885?
535
What is the greatest common divisor of 91 and 195881?
7
Calculate the greatest common factor of 270 and 4482.
54
Calculate the highest common divisor of 47610 and 2205.
45
Calculate the greatest common divisor of 2853784 and 11184.
1864
What is the greatest common factor of 13923 and 507?
39
What is the highest common divisor of 114300 and 1500?
300
Calculate the greatest common factor of 262814 and 1324.
662
What is the greatest common factor of 224 and 12418?
14
What is the highest common factor of 518 and 637?
7
Calculate the greatest common divisor of 1089 and 1105456.
121
Calculate the greatest common divisor of 764366 and 106.
106
What is the highest common divisor of 274645 and 12103?
931
Calculate the highest common factor of 3036 and 67584.
132
Calculate the highest common divisor of 2116 and 202607.
529
What is the greatest common factor of 1477 and 73006?
211
What is the greatest common divisor of 407 and 3293?
37
Calculate the highest common divisor of 1979669 and 1283.
1283
What is the greatest common divisor of 100 and 2144?
4
What is the greatest common factor of 5966 and 16?
2
Calculate the highest common factor of 2438 and 598.
46
Calculate the highest common factor of 131250 and 3990.
210
Calculate the highest common divisor of 55 and 3201.
11
What is the highest common divisor of 41 and 2155739?
41
Calculate the highest common factor of 3090 and 687834.
618
What is the highest common factor of 407185 and 4588?
1147
What is the highest common divisor of 6938672 and 208?
208
What is the highest common factor of 1179 and 36?
9
What is the greatest common divisor of 183518 and 245378?
2062
What is the greatest common divisor of 124 and 24862?
62
Calculate the greatest common divisor of 450 and 8590.
10
Calculate the greatest common divisor of 54 and 43605.
27
What is the highest common factor of 1611 and 25239?
537
What is the greatest common factor of 5784 and 636963?
723
What is the greatest common divisor of 2745 and 4514?
61
Calculate the greatest common factor of 50 and 26530.
10
What is the greatest common factor of 3427 and 4023?
149
What is the greatest common divisor of 635767 and 22?
11
Calculate the highest common divisor of 242 and 42713.
121
What is the highest common factor of 302 and 2020531?
151
Calculate the greatest common divisor of 296 and 408702.
74
What is the highest common factor of 1044884 and 388?
388
What is the highest common factor of 3721 and 3599?
61
Calculate the greatest common divisor of 529 and 437.
23
What is the greatest common factor of 92976 and 39936?
624
What is the highest common divisor of 253768 and 8?
8
Calculate the greatest common factor of 2442421 and 1437.
479
Calculate the greatest common divisor of 220 and 10516.
44
What is the greatest common divisor of 18745 and 3680?
115
What is the greatest common divisor of 198224 and 32?
16
Calculate the greatest common divisor of 14 and 2073330.
14
Calculate the greatest common factor of 3542 and 41216.
322
What is the highest common divisor of 5766 and 1302?
186
Calculate the greatest common divisor of 288 and 18528.
96
Calculate the greatest common factor of 28 and 3944766.
14
What is the highest common divisor of 323 and 75038?
17
What is the highest common divisor of 78545 and 230?
115
Calculate the highest common factor of 21808 and 176.
16
Calculate the highest common divisor of 38957 and 478.
239
What is the highest common divisor of 1334 and 8642?
58
Calculate the greatest common divisor of 7514 and 13598.
26
What is the highest common divisor of 274 and 5293406?
274
What is the highest common factor of 174237 and 21?
21
Calculate the greatest common factor of 331 and 9139241.
331
Calculate the highest common factor of 5360 and 246024.
536
Calculate the greatest common factor of 1196624 and 11.
11
Calculate the greatest common factor of 30847 and 218.
109
What is the greatest common factor of 589129 and 943?
41
Calculate the greatest common divisor of 90 and 63.
9
Calculate the highest common factor of 5 and 451940.
5
What is the highest common factor of 8075 and 11169?
17
Calculate the highest common factor of 123202 and 9146.
538
What is the greatest common divisor of 1550 and 1270?
10
Calculate the highest common divisor of 190 and 161614.
38
Calculate the highest common factor of 11814 and 704.
22
Calculate the greatest common factor of 60461 and 8.
1
What is the highest common divisor of 354 and 55401?
177
What is the highest common divisor of 87633 and 117?
117
What is the highest common divisor of 14 and 24502562?
14
What is the highest common divisor of 5572 and 1088?
4
Calculate the greatest common factor of 630 and 1220.
10
Calculate the highest common divisor of 252 and 802323.
9
What is the highest common divisor of 20 and 4598260?
20
What is the highest common divisor of 592 and 31302?
74
What is the highest common divisor of 82540 and 16?
4
What is the greatest common factor of 18370 and 4290?
110
What is the highest common factor of 3514 and 71918?
14
Calculate the greatest common divisor of 2363231 and 13.
13
What is the greatest common factor of 935 and 3839?
11
Calculate the highest common divisor of 70164 and 96.
12
What is the greatest common factor of 3025 and 75?
25
What is the highest common factor of 254807 and 6853?
623
Calculate the greatest common factor of 544 and 878752.
32
What is the greatest common divisor of 19320 and 3990?
210
What is the highest common factor of 6875 and 8250?
1375
What is the highest common factor of 1837 and 6680?
167
What is the highest common divisor of 369 and 39278?
41
Calculate the highest common factor of 8608 and 7008.
32
Calculate the highest common divisor of 560 and 5200.
80
Calculate the greatest common factor of 140 and 198730.
70
What is the highest common factor of 1452 and 29031288?
1452
Calculate the greatest common divisor of 138805 and 23.
23
Calculate the greatest common divisor of 838862 and 944.
118
Calculate the greatest common divisor of 434 and 648396.
434
Calculate the greatest common divisor of 31451 and 336.
7
What is the greatest common divisor of 3812 and 1504787?
953
Calculate the greatest common divisor of 45965 and 290.
145
What is the greatest common factor of 33133 and 1003?
17
Calculate the highest common divisor of 92452 and 464.
116
What is the highest common divisor of 55 and 658262?
11
Calculate the highest common factor of 27 and 72306.
27
Calculate the highest common factor of 945 and 35490.
105
Calculate the greatest common divisor of 2955 and 3.
3
Calculate the greatest common divisor of 582 and 1182.
6
Calculate the greatest common factor of 12480 and 870.
30
What is the highest common divisor of 271098 and 18?
18
Calculate the greatest common factor of 2580460 and 20.
2